{"id":166,"date":"2017-07-31T09:08:07","date_gmt":"2017-07-31T07:08:07","guid":{"rendered":"http:\/\/www.methode-cecile-patin.com\/?page_id=166"},"modified":"2021-11-02T17:41:00","modified_gmt":"2021-11-02T16:41:00","slug":"exemple-de-compte-rendu-dinvestigation","status":"publish","type":"page","link":"http:\/\/jzoasjn.cluster023.hosting.ovh.net\/index.php\/exemple-de-compte-rendu-dinvestigation\/","title":{"rendered":"Exemple de compte rendu d&rsquo;investigation"},"content":{"rendered":"<section id=\"bt_bb_section69d5190039576\" class=\"bt_bb_section bt_bb_layout_boxed_1200 bt_bb_full_screen bt_bb_vertical_align_top\"  data-bt-override-class=\"null\"><div class=\"bt_bb_port\"><div class=\"bt_bb_cell\"><div class=\"bt_bb_cell_inner\"><div class=\"bt_bb_row \"  data-bt-override-class=\"{}\"><div class=\"bt_bb_row_holder\" ><div  class=\"bt_bb_column col-xxl-3 col-xl-3 bt_bb_vertical_align_top bt_bb_align_left bt_bb_padding_normal\" style=\"; --column-width:3;\" data-width=\"3\" data-bt-override-class=\"{}\"><div class=\"bt_bb_column_content\"><div class=\"bt_bb_column_content_inner\"><header class=\"bt_bb_headline bt_bb_dash_none bt_bb_size_inherit bt_bb_align_inherit\" data-bt-override-class=\"{}\"><h6 class=\"bt_bb_headline_tag\"><span class=\"bt_bb_headline_content\"><span>Nos cours :<\/span><\/span><\/h6><\/header><div class=\"bt_bb_custom_menu bt_bb_direction_vertical\"><div class=\"menu-menu-cours-container\"><ul id=\"menu-menu-cours\" class=\"menu\"><li id=\"menu-item-1007\" class=\"menu-item menu-item-type-post_type menu-item-object-page menu-item-1007\"><a href=\"http:\/\/jzoasjn.cluster023.hosting.ovh.net\/index.php\/nous-contacter\/\" title=\"\t\t\t\t\t\t\">Nous contacter<\/a><\/li>\n<\/ul><\/div><\/div><div class=\"bt_bb_separator_v2 bt_bb_border_style_solid bt_bb_top_spacing_small bt_bb_bottom_spacing_small bt_bb_icon_size_normal bt_bb_text_size_normal bt_bb_separator_v2_without_content\" data-bt-override-class=\"null\"><div class=\"bt_bb_separator_v2_inner\"><span class=\"bt_bb_separator_v2_inner_before\"><\/span><span class=\"bt_bb_separator_v2_inner_content\"><span  data-ico-=\"\" class=\"bt_bb_icon_holder\"><\/span><\/span><span class=\"bt_bb_separator_v2_inner_after\"><\/span><\/div><\/div><header class=\"bt_bb_headline bt_bb_dash_none bt_bb_size_inherit bt_bb_align_inherit\" data-bt-override-class=\"{}\"><h6 class=\"bt_bb_headline_tag\"><span class=\"bt_bb_headline_content\"><span>Nos actualit\u00e9s :<\/span><\/span><\/h6><\/header><div class=\"bt_bb_latest_posts bt_bb_columns_1 bt_bb_gap_small bt_bb_image_shape_rounded\"><div class=\"bt_bb_latest_posts_item\"><div class=\"bt_bb_latest_posts_item_image\"><a href=\"http:\/\/jzoasjn.cluster023.hosting.ovh.net\/index.php\/2020\/08\/20\/article-3\/\" target=\"_self\"><img decoding=\"async\" src=\"http:\/\/jzoasjn.cluster023.hosting.ovh.net\/wp-content\/uploads\/2017\/08\/juillet-300x225.jpg\" alt=\"La r\u00e9flexion v\u00e9cue par le jeu corporel\" title=\"La r\u00e9flexion v\u00e9cue par le jeu corporel\" \"><\/a><\/div><div class=\"bt_bb_latest_posts_item_content\"><h5 class=\"bt_bb_latest_posts_item_title\"><a href=\"http:\/\/jzoasjn.cluster023.hosting.ovh.net\/index.php\/2020\/08\/20\/article-3\/\" target=\"_self\">La r\u00e9flexion v\u00e9cue par le jeu corporel<\/a><\/h5><\/div><\/div><\/div><div class=\"bt_bb_button bt_bb_icon_position_left bt_bb_style_outline bt_bb_size_small bt_bb_width_full bt_bb_shape_inherit bt_bb_target_blank bt_bb_align_inherit\" data-bt-override-class=\"{}\"><a href=\"https:\/\/www.facebook.com\/MethodeCecilePatin\/\" target=\"_blank\" class=\"bt_bb_link\" title=\"Page Facebook\"><span class=\"bt_bb_button_text\" >Page Facebook<\/span><span  data-ico-fa=\"&#xf230;\" class=\"bt_bb_icon_holder\"><\/span><\/a><\/div><\/div><\/div><\/div><div  class=\"bt_bb_column col-xxl-9 col-xl-9 bt_bb_vertical_align_top bt_bb_align_left bt_bb_padding_normal\" style=\"; --column-width:9;\" data-width=\"9\" data-bt-override-class=\"{}\"><div class=\"bt_bb_column_content\"><div class=\"bt_bb_column_content_inner\"><header class=\"bt_bb_headline bt_bb_dash_none bt_bb_size_inherit bt_bb_align_inherit\" data-bt-override-class=\"{}\"><h1 class=\"bt_bb_headline_tag\"><span class=\"bt_bb_headline_content\"><span>Investigation psychomotrice<\/span><\/span><\/h1><\/header><div class=\"bt_bb_separator_v2 bt_bb_border_style_none bt_bb_top_spacing_small bt_bb_icon_size_normal bt_bb_text_size_normal bt_bb_separator_v2_without_content\" data-bt-override-class=\"null\"><div class=\"bt_bb_separator_v2_inner\"><span class=\"bt_bb_separator_v2_inner_before\"><\/span><span class=\"bt_bb_separator_v2_inner_content\"><span  data-ico-=\"\" class=\"bt_bb_icon_holder\"><\/span><\/span><span class=\"bt_bb_separator_v2_inner_after\"><\/span><\/div><\/div><div  class=\"bt_bb_text\" ><\/p>\n<p><strong>Compte rendu d\u2019investigation<\/strong><\/p>\n<p><strong><span style=\"color: #000000;\">Choupette m\u2019est envoy\u00e9e par\u00a0la psychologue. Elle est \u00e2g\u00e9e de 8 ans et elle est scolaris\u00e9e en CE1. Elle a b\u00e9n\u00e9fici\u00e9 d\u2019un suivi psychologique pendant son CP pour des crises, des peurs. Elle est actuellement suivie une fois par semaine par\u00a0une orthophoniste, pour une l\u00e9g\u00e8re dyslexie. Elle va passer en CE2 avec un accompagnement \u00e9ducatif.<\/span><\/strong><br \/>\n<strong><span style=\"color: #000000;\">La maman me pr\u00e9sente sa fille :<\/span><\/strong><br \/>\n<strong><span style=\"color: #000000;\">&#8211; Elle a eu beaucoup d\u2019otites sans n\u00e9cessiter d\u2019op\u00e9rations gr\u00e2ce \u00e0 l\u2019ost\u00e9opathie<\/span><\/strong><br \/>\n<strong><span style=\"color: #000000;\">&#8211; Elle pratique le violon et la gym au sol et aux agr\u00e8s<\/span><\/strong><br \/>\n<strong><span style=\"color: #000000;\">&#8211; Elle savait lire l\u2019heure sur la pendule mais ne sait plus le faire,<\/span><\/strong><br \/>\n<strong><span style=\"color: #000000;\">&#8211; Elle ne sait pas copier sans faute,<\/span><\/strong><br \/>\n<strong><span style=\"color: #000000;\">&#8211;\u00a0Elle se ronge les ongles<\/span><\/strong><br \/>\n<strong><span style=\"color: #000000;\">&#8211;\u00a0Elle va partir en colonie cirque et poney<\/span><\/strong><br \/>\n<strong><span style=\"color: #000000;\">La demande de la maman est d\u2019am\u00e9liorer la concentration et l\u2019autonomie de Choupette.<\/span><\/strong><\/p>\n<p><strong><span style=\"color: #000000;\">J\u2019observe\u00a0:<\/span><\/strong><br \/>\n<strong><span style=\"color: #000000;\">&#8211; Une lat\u00e9ralit\u00e9 crois\u00e9e main droite &#8211; \u0153il gauche qui ne favorise pas l\u2019assurance dans divers domaines\u00a0: spatialit\u00e9, inversion de lettres, lat\u00e9ralit\u00e9.<\/span><\/strong><br \/>\n<strong><span style=\"color: #000000;\">&#8211;\u00a0L\u2019orientation des dessins est donc mixte avec cependant une bonne dominance \u00e0 droite.<\/span><\/strong><br \/>\n<strong><span style=\"color: #000000;\">&#8211;\u00a0La pince des doigts sur le crayon n\u2019est pas bonne et Choupette est crisp\u00e9e sur son crayon\u00a0: ceci augmente les risque de fatigabilit\u00e9 et de lenteur.<\/span><\/strong><br \/>\n<strong><span style=\"color: #000000;\">&#8211;\u00a0L\u2019espace de la feuille est bien utilis\u00e9.<\/span><\/strong><br \/>\n<strong><span style=\"color: #000000;\">&#8211; Elle pr\u00e9sente une association main\/pied encore tr\u00e8s forte, indiquant une maturit\u00e9 neuro-motrice non d\u00e9velopp\u00e9e, en lien avec la psychomotricit\u00e9 fine, notamment le graphisme (kin\u00e9siologie \u00e9ducative)<\/span><\/strong><br \/>\n<strong><span style=\"color: #000000;\">&#8211;\u00a0Elle conna\u00eet bien le sch\u00e9ma corporel de base\u00a0: on note qu\u2019elle d\u00e9signe la jambe en disant le tibia et qu\u2019elle dessine un bonhomme sans bras.<\/span><\/strong><br \/>\n<strong><span style=\"color: #000000;\">&#8211;\u00a0Son organisation visuelle privil\u00e9gie \u00e0 100 % un regard analytique au d\u00e9triment du global\u00a0: on peut supposer qu\u2019elle se noie dans les d\u00e9tails et que cela favorise les erreurs de copie.<\/span><\/strong><br \/>\n<strong><span style=\"color: #000000;\">&#8211;\u00a0Elle conna\u00eet bien les jours de la semaine et sait r\u00e9citer les mois de l\u2019ann\u00e9e. Mais elle ne sait pas r\u00e9pondre combien il y a de jours dans la semaine sans compter sur ses doigts.<\/span><\/strong><br \/>\n<strong><span style=\"color: #000000;\">&#8211;\u00a0L\u2019ordre et la notion de saison ne sont pas bien int\u00e9gr\u00e9s. Elle n\u2019est pas bien situ\u00e9e dans le cycle du temps.<\/span><\/strong><br \/>\n<strong><span style=\"color: #000000;\">&#8211;\u00a0La conduite des membres inf\u00e9rieurs seuls est tr\u00e8s rapide et dynamique.<\/span><\/strong><br \/>\n<strong><span style=\"color: #000000;\">&#8211;\u00a0La conduite des membres sup\u00e9rieurs seuls est tr\u00e8s bien men\u00e9e, harmonieuse.<\/span><\/strong><br \/>\n<strong><span style=\"color: #000000;\">&#8211;\u00a0Quand elle doit coordonner le tout (les 4 membres et sautiller) ses bras sont toujours tr\u00e8s \u00e9l\u00e9gants, comme un battement d\u2019aile, mais le geste initial est r\u00e9tr\u00e9ci et elle perd la coordination\u00a0: les jambes gardent le tempo, les bras ne suivent pas.<\/span><\/strong><br \/>\n<strong><span style=\"color: #000000;\">&#8211;\u00a0Le test de concentration montre une faiblesse. Alors qu\u2019avec 3 consignes \u00e0 faire elle r\u00e9ussit jusqu\u2019\u00e0 huit sautill\u00e9s, il me faut l\u2019accompagner pas \u00e0 pas pour en r\u00e9ussir deux avec 4 consignes. L\u00e0, elle ne contr\u00f4le pas la gestion ni analytique ni globale. Lien avec les math\u00e9matiques, la notion d\u2019ensemble et d\u2019\u00e9l\u00e9ments.<\/span><\/strong><br \/>\n<strong><span style=\"color: #000000;\">&#8211;\u00a0Alors que la spatialit\u00e9 et la lat\u00e9ralit\u00e9 autour d\u2019un fauteuil est correcte, elle ne sait pas l\u2019appliquer autour du tapis de sol. Cela correspond au passage du tridimensionnel de l\u2019espace environnant au bidimensionnel de la feuille d\u2019\u00e9colier.<\/span><\/strong><br \/>\n<strong><span style=\"color: #000000;\">&#8211; Le test graphique indique une mauvaise orientation (donc sur papier) de 3 codes sur 4.<\/span><\/strong><br \/>\n<strong><span style=\"color: #000000;\">&#8211;\u00a0Le test du jeu de pianotage des doigts sur la table montre une relative aisance psychomotrice. Par contre, si elle r\u00e9ussit bien \u00e0 pianoter \u00e0 l\u2019endroit comme \u00e0 l\u2019envers, elle ne pense pas \u00e0 inverser son raisonnement. Il n\u2019y a donc pas unit\u00e9 psychomotrice. Le geste et le son ne correspondent pas\u00a0: elle fait le geste juste mais elle dit le contraire.<\/span><\/strong><\/p>\n<p><strong><span style=\"color: #000000;\">En conclusion, Choupette ne pr\u00e9sentant pas de grosses lacunes n\u00e9cessitant une r\u00e9\u00e9ducation individuelle, je propose un stage d\u2019entra\u00eenement intensif de 5 jours en r\u00e9flexion v\u00e9cue par le jeu corporel dans un petit groupe afin\u00a0:<\/span><\/strong><br \/>\n<strong><span style=\"color: #000000;\">&#8211;\u00a0De tester et d\u2019entra\u00eener sa concentration individuelle puis en collectif, en assurant les 5 \u00e9tapes qui am\u00e9lioreront son autonomie\u00a0: percevoir, concevoir et ex\u00e9cuter la consigne, commander puis contr\u00f4ler autrui (le groupe)<\/span><\/strong><br \/>\n<strong><span style=\"color: #000000;\">&#8211;\u00a0De l\u2019entra\u00eener \u00e0 se rep\u00e9rer et s\u2019orienter dans la dimension bidimensionnelle\u00a0: dans l\u2019espace du gymnase, puis sur le sol et enfin sur la feuille d\u2019\u00e9colier<\/span><\/strong><br \/>\n<strong><span style=\"color: #000000;\">&#8211; D\u2019ouvrir son champ mental, son organisation visuelle et c\u00e9r\u00e9brale \u00e0 une gestion plus \u00e9quilibr\u00e9e globale et analytique.<\/span><\/strong><br \/>\n<strong><span style=\"color: #000000;\">&#8211;\u00a0De la situer dans le temps qui s\u2019\u00e9coute (rythme), qui se compte (les mesures) et qui d\u00e9file (cycle universel).<\/span><\/strong><\/p>\n<p><strong><span style=\"color: #000000;\">Le stage XXX ayant \u00e9t\u00e9 retenu, je reste dans l\u2019attente de votre confirmation.<\/span><\/strong><\/p>\n<p><strong><span style=\"color: #000000;\">Agn\u00e8s IRRMANN PATIN<\/span><\/strong><\/p>\n<p>\n<\/div><\/div><\/div><\/div><\/div><\/div><\/div><!-- cell_inner --><\/div><!-- cell --><\/div><!-- port --><\/section>\n","protected":false},"excerpt":{"rendered":"","protected":false},"author":1,"featured_media":0,"parent":0,"menu_order":0,"comment_status":"closed","ping_status":"closed","template":"bt-no-sidebar-wide.php","meta":{"footnotes":""},"class_list":["post-166","page","type-page","status-publish","hentry"],"_links":{"self":[{"href":"http:\/\/jzoasjn.cluster023.hosting.ovh.net\/index.php\/wp-json\/wp\/v2\/pages\/166","targetHints":{"allow":["GET"]}}],"collection":[{"href":"http:\/\/jzoasjn.cluster023.hosting.ovh.net\/index.php\/wp-json\/wp\/v2\/pages"}],"about":[{"href":"http:\/\/jzoasjn.cluster023.hosting.ovh.net\/index.php\/wp-json\/wp\/v2\/types\/page"}],"author":[{"embeddable":true,"href":"http:\/\/jzoasjn.cluster023.hosting.ovh.net\/index.php\/wp-json\/wp\/v2\/users\/1"}],"replies":[{"embeddable":true,"href":"http:\/\/jzoasjn.cluster023.hosting.ovh.net\/index.php\/wp-json\/wp\/v2\/comments?post=166"}],"version-history":[{"count":2,"href":"http:\/\/jzoasjn.cluster023.hosting.ovh.net\/index.php\/wp-json\/wp\/v2\/pages\/166\/revisions"}],"predecessor-version":[{"id":1105,"href":"http:\/\/jzoasjn.cluster023.hosting.ovh.net\/index.php\/wp-json\/wp\/v2\/pages\/166\/revisions\/1105"}],"wp:attachment":[{"href":"http:\/\/jzoasjn.cluster023.hosting.ovh.net\/index.php\/wp-json\/wp\/v2\/media?parent=166"}],"curies":[{"name":"wp","href":"https:\/\/api.w.org\/{rel}","templated":true}]}}