{"id":304,"date":"2017-08-01T09:13:55","date_gmt":"2017-08-01T07:13:55","guid":{"rendered":"http:\/\/www.methode-cecile-patin.com\/?page_id=304"},"modified":"2022-10-06T18:40:23","modified_gmt":"2022-10-06T16:40:23","slug":"toute-lhistoire-de-lassociation","status":"publish","type":"page","link":"http:\/\/jzoasjn.cluster023.hosting.ovh.net\/index.php\/notre-association-2\/toute-lhistoire-de-lassociation\/","title":{"rendered":"Toute l&rsquo;histoire de l&rsquo;association"},"content":{"rendered":"<section id=\"bt_bb_section69f3dedca8ebb\" class=\"bt_bb_section bt_bb_layout_boxed_1200 bt_bb_full_screen bt_bb_vertical_align_top\"  data-bt-override-class=\"null\"><div class=\"bt_bb_port\"><div class=\"bt_bb_cell\"><div class=\"bt_bb_cell_inner\"><div class=\"bt_bb_row \"  data-bt-override-class=\"{}\"><div class=\"bt_bb_row_holder\" ><div  class=\"bt_bb_column col-xxl-3 col-xl-3 bt_bb_vertical_align_top bt_bb_align_left bt_bb_padding_normal\" style=\"; --column-width:3;\" data-width=\"3\" data-bt-override-class=\"{}\"><div class=\"bt_bb_column_content\"><div class=\"bt_bb_column_content_inner\"><header class=\"bt_bb_headline bt_bb_dash_none bt_bb_size_inherit bt_bb_align_inherit\" data-bt-override-class=\"{}\"><h6 class=\"bt_bb_headline_tag\"><span class=\"bt_bb_headline_content\"><span>Nos cours :<\/span><\/span><\/h6><\/header><div class=\"bt_bb_custom_menu bt_bb_direction_vertical\"><div class=\"menu-menu-cours-container\"><ul id=\"menu-menu-cours\" class=\"menu\"><li id=\"menu-item-1007\" class=\"menu-item menu-item-type-post_type menu-item-object-page menu-item-1007\"><a href=\"http:\/\/jzoasjn.cluster023.hosting.ovh.net\/index.php\/nous-contacter\/\" title=\"\t\t\t\t\t\t\">Nous contacter<\/a><\/li>\n<\/ul><\/div><\/div><div class=\"bt_bb_separator_v2 bt_bb_border_style_solid bt_bb_top_spacing_small bt_bb_bottom_spacing_small bt_bb_icon_size_normal bt_bb_text_size_normal bt_bb_separator_v2_without_content\" data-bt-override-class=\"null\"><div class=\"bt_bb_separator_v2_inner\"><span class=\"bt_bb_separator_v2_inner_before\"><\/span><span class=\"bt_bb_separator_v2_inner_content\"><span  data-ico-=\"\" class=\"bt_bb_icon_holder\"><\/span><\/span><span class=\"bt_bb_separator_v2_inner_after\"><\/span><\/div><\/div><header class=\"bt_bb_headline bt_bb_dash_none bt_bb_size_inherit bt_bb_align_inherit\" data-bt-override-class=\"{}\"><h6 class=\"bt_bb_headline_tag\"><span class=\"bt_bb_headline_content\"><span>Nos actualit\u00e9s :<\/span><\/span><\/h6><\/header><div class=\"bt_bb_latest_posts bt_bb_columns_1 bt_bb_gap_small bt_bb_image_shape_rounded\"><div class=\"bt_bb_latest_posts_item\"><div class=\"bt_bb_latest_posts_item_image\"><a href=\"http:\/\/jzoasjn.cluster023.hosting.ovh.net\/index.php\/2020\/08\/20\/article-3\/\" target=\"_self\"><img decoding=\"async\" src=\"http:\/\/jzoasjn.cluster023.hosting.ovh.net\/wp-content\/uploads\/2017\/08\/juillet-300x225.jpg\" alt=\"La r\u00e9flexion v\u00e9cue par le jeu corporel\" title=\"La r\u00e9flexion v\u00e9cue par le jeu corporel\" \"><\/a><\/div><div class=\"bt_bb_latest_posts_item_content\"><h5 class=\"bt_bb_latest_posts_item_title\"><a href=\"http:\/\/jzoasjn.cluster023.hosting.ovh.net\/index.php\/2020\/08\/20\/article-3\/\" target=\"_self\">La r\u00e9flexion v\u00e9cue par le jeu corporel<\/a><\/h5><\/div><\/div><\/div><div class=\"bt_bb_button bt_bb_icon_position_left bt_bb_style_outline bt_bb_size_small bt_bb_width_full bt_bb_shape_inherit bt_bb_target_blank bt_bb_align_inherit\" data-bt-override-class=\"{}\"><a href=\"https:\/\/www.facebook.com\/MethodeCecilePatin\/\" target=\"_blank\" class=\"bt_bb_link\" title=\"Page Facebook\"><span class=\"bt_bb_button_text\" >Page Facebook<\/span><span  data-ico-fa=\"&#xf230;\" class=\"bt_bb_icon_holder\"><\/span><\/a><\/div><\/div><\/div><\/div><div  class=\"bt_bb_column col-xxl-9 col-xl-9 bt_bb_vertical_align_top bt_bb_align_left bt_bb_padding_normal\" style=\"; --column-width:9;\" data-width=\"9\" data-bt-override-class=\"{}\"><div class=\"bt_bb_column_content\"><div class=\"bt_bb_column_content_inner\"><header class=\"bt_bb_headline bt_bb_dash_none bt_bb_size_inherit bt_bb_align_inherit\" data-bt-override-class=\"{}\"><h1 class=\"bt_bb_headline_tag\"><span class=\"bt_bb_headline_content\"><span>Toute l'histoire de l'association<\/span><\/span><\/h1><\/header><div class=\"bt_bb_separator_v2 bt_bb_border_style_none bt_bb_bottom_spacing_small bt_bb_icon_size_normal bt_bb_text_size_normal bt_bb_separator_v2_without_content\" data-bt-override-class=\"null\"><div class=\"bt_bb_separator_v2_inner\"><span class=\"bt_bb_separator_v2_inner_before\"><\/span><span class=\"bt_bb_separator_v2_inner_content\"><span  data-ico-=\"\" class=\"bt_bb_icon_holder\"><\/span><\/span><span class=\"bt_bb_separator_v2_inner_after\"><\/span><\/div><\/div><div  class=\"bt_bb_text\" ><\/p>\n<p><strong><span style=\"color: #000000;\">La m\u00e9thode C\u00e9cile Patin est le nom que l&rsquo;association s&rsquo;est donn\u00e9e en 2011. Cr\u00e9e en 1975, elle s&rsquo;intitulait \u00ab\u00a0Centre national d&rsquo;Entra\u00eenement \u00e0 la R\u00e9flexion V\u00e9cue par le Jeu Corporel\u00a0\u00bb. La R\u00e9flexion V\u00e9cue est le fruit des exp\u00e9riences et de la r\u00e9flexion men\u00e9es par C\u00e9cile PATIN. N\u00e9e en 1923, kin\u00e9sith\u00e9rapeute confront\u00e9e d\u00e8s 1962 aux probl\u00e8mes d&rsquo;enfants intelligents en difficult\u00e9s d&rsquo;apprentissages scolaires, c&rsquo;est en s&rsquo;appuyant sur sa ma\u00eetrise en gymnastique \u00e9ducative et corrective qu&rsquo;elle d\u00e9veloppe la m\u00e9thode, tout d&rsquo;abord \u00e0 tire personnel :<\/span><\/strong><\/p>\n<p><strong><span style=\"color: #000000;\">\u00ab\u00a0<em>Il faut remonter aux ann\u00e9es 1962. Les sujets que je traitais en kin\u00e9sith\u00e9rapie \u00e0 cette \u00e9poque, dans le cadre d&rsquo;un internat priv\u00e9 de la r\u00e9gion parisienne, \u00e9taient en majorit\u00e9 des enfants et adolescents. L&rsquo;un d&rsquo;entre eux \u00e9tait si passif dans l&rsquo;ex\u00e9cution de ses mouvements que l&rsquo;on pouvait se demander s&rsquo;il \u00e9tait r\u00e9ellement l\u00e0, pr\u00e9sent. Cet enfant ne r\u00e9alisait pas sa structuration. Il fallut le faire se t\u00e2ter pour percevoir l&rsquo;articulation de la hanche et obtenir un geste pur par analyse ; mais ceci demanda un certain nombre de s\u00e9ances, car son esprit \u00e9tait toujours ailleurs. Il ne pouvait se concentrer, ni fournir d&rsquo;effort minimum. Ne sachant o\u00f9 il \u00e9tait, ne percevant pas la ressource de\u00a0son propre mat\u00e9riau, je le plaignais d&rsquo;avoir \u00e0 faire des efforts en classe et le consid\u00e9rais comme un h\u00e9ros d&rsquo;utiliser uniquement son intellect pour produire ses efforts. Dans une rencontre fortuite avec Colette Spinat, \u00e9ducatrice sp\u00e9cialis\u00e9e et psychologue clinicienne, je lui ai livr\u00e9 ma r\u00e9flexion d\u00e9pit\u00e9e sur ce cas : comment pouvait-il travailler efficacement sans savoir qui et o\u00f9 il \u00e9tait vraiment ! Int\u00e9ress\u00e9e par mes propos, elle me parla alors des enfants inadapt\u00e9s scolaires intelligents et de leurs troubles : sch\u00e9ma corporel, lat\u00e9ralit\u00e9, temps, espace.\u00a0Puis elle souhaita une collaboration pratique pour essayer en commun de trouver des solutions aux probl\u00e8mes de ces enfants, et nous en confia quelques-uns \u00e0 \u00ab\u00a0r\u00e9incarner\u00a0\u00bb. Ainsi de 1962 \u00e0 1966, dans une \u00e9cole priv\u00e9e de rattrapage scolaire pour enfants d&rsquo;intelligences sup\u00e9rieure \u00e0 la moyenne scolaris\u00e9s de la 7\u00e8me \u00e0 la 4\u00e8me, j&rsquo;ai suivi individuellement certains de ces enfants. En essayant d&rsquo;ajuster pour chacun un geste r\u00e9fl\u00e9chi, utile \u00e0 son probl\u00e8me scolaire en \u00e9mettant l&rsquo;hypoth\u00e8se que toute d\u00e9marche intellectuelle passe \u00e0 travers un v\u00e9cu physique, cela m&rsquo;a permis d&rsquo;\u00e9tablir et de proposer le proc\u00e9d\u00e9 psychop\u00e9dagogique de la R\u00e9flexion V\u00e9cue par le Jeu Corporel\u00a0\u00bb.<\/em><\/span><\/strong><\/p>\n<p class=\"justifyfull\"><strong><span style=\"color: #000000;\">L&rsquo;ouverture en octobre 1967 du Centre de Guidance Infantile \u00e0 Pontoise a permis de mettre en application les techniques de base de la R\u00e9flexion V\u00e9cue sous forme de stages avec Odile BERGE orthophoniste : son regard d&rsquo;\u00e9ducatrice et de r\u00e9\u00e9ducatrice fit appara\u00eetre la n\u00e9cessit\u00e9 de cr\u00e9er des fiches techniques compl\u00e9mentaires, visant particuli\u00e8rement \u00e0 la compr\u00e9hension de la d\u00e9marche scolaire. Citons notamment : le point z\u00e9ro, la lat\u00e9ralit\u00e9 dans la lecture, l&rsquo;\u00e9criture et les nombres d\u00e9cimaux, la position des lettres scriptes par la vis\u00e9e mentale. Fran\u00e7oise LECLERC institutrice sp\u00e9cialis\u00e9e, Th\u00e9r\u00e8se MOUTON r\u00e9\u00e9ducatrice de dyslexie et professeur de fran\u00e7ais ont aussi particip\u00e9 \u00e0 la pr\u00e9cision de quelques fiches.<\/span><\/strong><\/p>\n<p class=\"justifyfull\"><strong><span style=\"color: #000000;\">Depuis\u00a040 ans, la recherche pratique est permanente, s&rsquo;adaptant aux besoins actuels de jeunes, d&rsquo;adultes en difficult\u00e9s, d&rsquo;handicap\u00e9s, et de leur famille. Cependant la structure de base de la\u00a0m\u00e9thode reste la m\u00eame : vivre consciemment une situation pour l&rsquo;appr\u00e9hender.<\/span><\/strong><\/p>\n<p><strong><span style=\"color: #000000;\">L&rsquo;association a gard\u00e9 son si\u00e8ge au 8 chemin de la pelouse \u00e0 Pontoise, elle organise ses ateliers hebdomadaires dans divers locaux municipaux.<\/span><\/strong><\/p>\n<p><strong><span style=\"color: #000000;\">l&rsquo;association est organisme formateur, agr\u00e9\u00e9e Jeunesse et \u00e9ducation populaire. Elle est\u00a0affili\u00e9e \u00e0 la F\u00e9d\u00e9ration Fran\u00e7aise d\u2019\u00c9ducation Physique et de Gymnastique Volontaire.<\/span><\/strong><\/p>\n<p>\n<\/div><\/div><\/div><\/div><\/div><\/div><\/div><!-- cell_inner --><\/div><!-- cell --><\/div><!-- port --><\/section>\n","protected":false},"excerpt":{"rendered":"","protected":false},"author":1,"featured_media":0,"parent":965,"menu_order":0,"comment_status":"closed","ping_status":"closed","template":"bt-no-sidebar-wide.php","meta":{"footnotes":""},"class_list":["post-304","page","type-page","status-publish","hentry"],"_links":{"self":[{"href":"http:\/\/jzoasjn.cluster023.hosting.ovh.net\/index.php\/wp-json\/wp\/v2\/pages\/304","targetHints":{"allow":["GET"]}}],"collection":[{"href":"http:\/\/jzoasjn.cluster023.hosting.ovh.net\/index.php\/wp-json\/wp\/v2\/pages"}],"about":[{"href":"http:\/\/jzoasjn.cluster023.hosting.ovh.net\/index.php\/wp-json\/wp\/v2\/types\/page"}],"author":[{"embeddable":true,"href":"http:\/\/jzoasjn.cluster023.hosting.ovh.net\/index.php\/wp-json\/wp\/v2\/users\/1"}],"replies":[{"embeddable":true,"href":"http:\/\/jzoasjn.cluster023.hosting.ovh.net\/index.php\/wp-json\/wp\/v2\/comments?post=304"}],"version-history":[{"count":3,"href":"http:\/\/jzoasjn.cluster023.hosting.ovh.net\/index.php\/wp-json\/wp\/v2\/pages\/304\/revisions"}],"predecessor-version":[{"id":1184,"href":"http:\/\/jzoasjn.cluster023.hosting.ovh.net\/index.php\/wp-json\/wp\/v2\/pages\/304\/revisions\/1184"}],"up":[{"embeddable":true,"href":"http:\/\/jzoasjn.cluster023.hosting.ovh.net\/index.php\/wp-json\/wp\/v2\/pages\/965"}],"wp:attachment":[{"href":"http:\/\/jzoasjn.cluster023.hosting.ovh.net\/index.php\/wp-json\/wp\/v2\/media?parent=304"}],"curies":[{"name":"wp","href":"https:\/\/api.w.org\/{rel}","templated":true}]}}